culate the remainder when 150 is divided by 47.
9
What is the remainder when 2429 is divided by 346?
7
Calculate the remainder when 12 is divided by 2.
0
Calculate the remainder when 167 is divided by 42.
41
Calculate the remainder when 1612 is divided by 2.
0
Calculate the remainder when 5485 is divided by 59.
57
Calculate the remainder when 30 is divided by 8.
6
Calculate the remainder when 60 is divided by 26.
8
What is the remainder when 92 is divided by 33?
26
Calculate the remainder when 1713 is divided by 212.
17
What is the remainder when 294 is divided by 33?
30
What is the remainder when 56 is divided by 28?
0
Calculate the remainder when 2063 is divided by 47.
42
Calculate the remainder when 361 is divided by 27.
10
What is the remainder when 59 is divided by 15?
14
Calculate the remainder when 151 is divided by 142.
9
What is the remainder when 99 is divided by 39?
21
Calculate the remainder when 453 is divided by 24.
21
Calculate the remainder when 462 is divided by 128.
78
What is the remainder when 4222 is divided by 1043?
50
What is the remainder when 456 is divided by 431?
25
Calculate the remainder when 78 is divided by 35.
8
What is the remainder when 2036 is divided by 88?
12
What is the remainder when 640 is divided by 92?
88
What is the remainder when 2033 is divided by 55?
53
What is the remainder when 144 is divided by 50?
44
Calculate the remainder when 499 is divided by 25.
24
Calculate the remainder when 253 is divided by 51.
49
Calculate the remainder when 113 is divided by 41.
31
Calculate the remainder when 363 is divided by 40.
3
Calculate the remainder when 53 is divided by 19.
15
Calculate the remainder when 5515 is divided by 276.
271
Calculate the remainder when 142 is divided by 2.
0
What is the remainder when 6160 is divided by 13?
11
Calculate the remainder when 1763 is divided by 14.
13
Calculate the remainder when 321 is divided by 66.
57
Calculate the remainder when 35 is divided by 2.
1
What is the remainder when 164 is divided by 129?
35
Calculate the remainder when 93 is divided by 44.
5
Calculate the remainder when 1551 is divided by 307.
16
Calculate the remainder when 107 is divided by 38.
31
Calculate the remainder when 206 is divided by 104.
102
Calculate the remainder when 577 is divided by 33.
16
What is the remainder when 423 is divided by 33?
27
What is the remainder when 205 is divided by 8?
5
Calculate the remainder when 422 is divided by 141.
140
Calculate the remainder when 5121 is divided by 109.
107
What is the remainder when 14352 is divided by 87?
84
What is the remainder when 904 is divided by 60?
4
What is the remainder when 25636 is divided by 99?
94
Calculate the remainder when 92 is divided by 26.
14
What is the remainder when 285 is divided by 80?
45
What is the remainder when 1019 is divided by 203?
4
What is the remainder when 92 is divided by 29?
5
What is the remainder when 953 is divided by 32?
25
Calculate the remainder when 188 is divided by 64.
60
Calculate the remainder when 243 is divided by 6.
3
Calculate the remainder when 2623 is divided by 135.
58
Calculate the remainder when 234 is divided by 105.
24
Calculate the remainder when 375 is divided by 43.
31
Calculate the remainder when 1774 is divided by 42.
10
What is the remainder when 284 is divided by 142?
0
What is the remainder when 143 is divided by 43?
14
Calculate the remainder when 4429 is divided by 31.
27
Calculate the remainder when 9273 is divided by 16.
9
What is the remainder when 7773 is divided by 162?
159
Calculate the remainder when 2730 is divided by 143.
13
What is the remainder when 141 is divided by 11?
9
What is the remainder when 2090 is divided by 693?
11
Calculate the remainder when 39 is divided by 23.
16
What is the remainder when 2365 is divided by 79?
74
What is the remainder when 61 is divided by 37?
24
What is the remainder when 318 is divided by 156?
6
What is the remainder when 25 is divided by 8?
1
Calculate the remainder when 88 is divided by 7.
4
Calculate the remainder when 161 is divided by 88.
73
What is the remainder when 2257 is divided by 189?
178
What is the remainder when 372 is divided by 22?
20
Calculate the remainder when 51 is divided by 28.
23
Calculate the remainder when 109 is divided by 14.
11
Calculate the remainder when 485 is divided by 41.
34
What is the remainder when 483 is divided by 26?
15
Calculate the remainder when 3727 is divided by 8.
7
What is the remainder when 18 is divided by 7?
4
Calculate the remainder when 72 is divided by 28.
16
What is the remainder when 323 is divided by 18?
17
Calculate the remainder when 1473 is divided by 732.
9
Calculate the remainder when 254 is divided by 48.
14
What is the remainder when 85 is divided by 11?
8
Calculate the remainder when 46 is divided by 7.
4
Calculate the remainder when 447 is divided by 109.
11
Calculate the remainder when 57 is divided by 15.
12
Calculate the remainder when 75 is divided by 20.
15
Calculate the remainder when 318 is divided by 107.
104
Calculate the remainder when 121 is divided by 41.
39
What is the remainder when 420 is divided by 18?
6
What is the remainder when 323 is divided by 25?
23
Calculate the remainder when 143 is divided by 127.
16
Calculate the remainder when 3849 is divided by 21.
6
What is the remainder when 3661 is divided by 407?
405
Calculate the remainder when 4087 is divided by 124.
119
What is the remainder when 2423 is divided by 44?
3
What is the remainder when 5788 is divided by 1923?
19
What is the remainder when 72 is divided by 19?
15
Calculate the remainder when 57642 is divided by 61.
58
What is the remainder when 733 is divided by 82?
77
Calculate the remainder when 199 is divided by 76.
47
What is the remainder when 1166 is divided by 73?
71
Calculate the remainder when 7921 is divided by 527.
16
Calculate the remainder when 413 is divided by 18.
17
What is the remainder when 110 is divided by 85?
25
What is the remainder when 465 is divided by 36?
33
What is the remainder when 99 is divided by 23?
7
What is the remainder when 847 is divided by 95?
87
What is the remainder when 852 is divided by 95?
92
What is the remainder when 2925 is divided by 210?
195
Calculate the remainder when 15424 is divided by 58.
54
Calculate the remainder when 270 is divided by 27.
0
Calculate the remainder when 1681 is divided by 9.
7
What is the remainder when 1852 is divided by 9?
7
Calculate the remainder when 496 is divided by 71.
70
What is the remainder when 296 is divided by 50?
46
Calculate the remainder when 1092 is divided by 122.
116
Calculate the remainder when 239 is divided by 49.
43
Calculate the remainder when 1389 is divided by 4.
1
What is the remainder when 289 is divided by 32?
1
Calculate the remainder when 349 is divided by 171.
7
Calculate the remainder when 99 is divided by 4.
3
What is the remainder when 324 is divided by 25?
24
What is the remainder when 71 is divided by 20?
11
Calculate the remainder when 13499 is divided by 125.
124
What is the remainder when 181 is divided by 50?
31
Calculate the remainder when 118 is divided by 8.
6
What is the remainder when 148 is divided by 53?
42
Calculate the remainder when 139 is divided by 70.
69
What is the remainder when 782 is divided by 254?
20
What is the remainder when 970 is divided by 15?
10
What is the remainder when 514 is divided by 88?
74
Calculate the remainder when 384 is divided by 130.
124
Calculate the remainder when 2638 is divided by 8.
6
What is the remainder when 5066 is divided by 5065?
1
Calculate the remainder when 598 is divided by 192.
22
What is the remainder when 22 is divided by 19?
3
What is the remainder when 2025 is divided by 84?
9
Calculate the remainder when 1526 is divided by 153.
149
Calculate the remainder when 1116 is divided by 40.
36
What is the remainder when 266 is divided by 55?
46
Calculate the remainder when 325 is divided by 106.
7
Calculate the remainder when 538 is divided by 36.
34
Calculate the remainder when 426 is divided by 107.
105
Calculate the remainder when 298 is divided by 67.
30
Calculate the remainder when 738 is divided by 729.
9
Calculate the remainder when 111 is divided by 56.
55
What is the remainder when 382 is divided by 19?
2